is divided by 40221.
36
What is the remainder when 1540 is divided by 325?
240
Calculate the remainder when 37082357 is divided by 4922.
9
Calculate the remainder when 153241 is divided by 1160.
121
What is the remainder when 2918324 is divided by 240?
164
Calculate the remainder when 35261241 is divided by 97.
92
Calculate the remainder when 66499389 is divided by 912.
909
Calculate the remainder when 1589604 is divided by 398.
390
Calculate the remainder when 370684 is divided by 94.
42
What is the remainder when 92481 is divided by 91333?
1148
Calculate the remainder when 293217 is divided by 47845.
6147
What is the remainder when 976588 is divided by 725?
13
What is the remainder when 1650812 is divided by 1231?
41
Calculate the remainder when 129923477 is divided by 248.
245
Calculate the remainder when 31882026 is divided by 395.
391
Calculate the remainder when 9461246 is divided by 375.
371
Calculate the remainder when 12479 is divided by 4137.
68
What is the remainder when 9014437 is divided by 265130?
17
Calculate the remainder when 957694 is divided by 4267.
1886
Calculate the remainder when 215318 is divided by 1709.
1693
What is the remainder when 188060 is divided by 12564?
12164
Calculate the remainder when 25406 is divided by 12544.
318
What is the remainder when 613992 is divided by 613801?
191
Calculate the remainder when 2059372 is divided by 514759.
336
What is the remainder when 8246908 is divided by 521?
520
What is the remainder when 106449 is divided by 388?
137
What is the remainder when 3463100 is divided by 11982?
302
Calculate the remainder when 356580 is divided by 204.
192
Calculate the remainder when 329279 is divided by 147.
146
What is the remainder when 64599304 is divided by 2549?
2546
Calculate the remainder when 755848 is divided by 19887.
142
What is the remainder when 14429 is divided by 854?
765
What is the remainder when 2136993 is divided by 6894?
6747
Calculate the remainder when 19432 is divided by 9554.
324
Calculate the remainder when 427454 is divided by 1607.
1599
Calculate the remainder when 1553968936 is divided by 18.
10
What is the remainder when 4249253818 is divided by 140?
138
What is the remainder when 1951513 is divided by 75?
13
Calculate the remainder when 9358 is divided by 3932.
1494
What is the remainder when 24868073 is divided by 174?
167
What is the remainder when 1487697 is divided by 67622?
13
What is the remainder when 51490378 is divided by 12872591?
14
Calculate the remainder when 7738131 is divided by 3869060.
11
What is the remainder when 321259 is divided by 1036?
99
What is the remainder when 6817878 is divided by 21?
18
Calculate the remainder when 8530697 is divided by 10.
7
Calculate the remainder when 100689 is divided by 125.
64
What is the remainder when 3505580 is divided by 3304?
36
What is the remainder when 2156100 is divided by 14568?
36
Calculate the remainder when 42773071 is divided by 3888458.
33
Calculate the remainder when 1577727 is divided by 330.
327
What is the remainder when 372557 is divided by 52996?
1585
Calculate the remainder when 54836277 is divided by 14.
13
What is the remainder when 560068 is divided by 93305?
238
What is the remainder when 2545026 is divided by 29592?
114
What is the remainder when 28382579 is divided by 31?
2
What is the remainder when 68354 is divided by 494?
182
What is the remainder when 136933733 is divided by 28?
13
Calculate the remainder when 2294136 is divided by 573534.
0
What is the remainder when 1882120 is divided by 180?
40
What is the remainder when 51127059 is divided by 7522?
25
Calculate the remainder when 4491471 is divided by 16.
15
What is the remainder when 39698858 is divided by 51?
50
Calculate the remainder when 2835646 is divided by 2835632.
14
What is the remainder when 84397 is divided by 1016?
69
Calculate the remainder when 25607140 is divided by 69.
67
Calculate the remainder when 233387 is divided by 3445.
2572
Calculate the remainder when 18138440 is divided by 25333.
12
What is the remainder when 1180875 is divided by 39?
33
Calculate the remainder when 34867544 is divided by 2527.
2525
Calculate the remainder when 2197970 is divided by 37252.
102
What is the remainder when 76279855 is divided by 60?
55
What is the remainder when 197264 is divided by 10959?
2
Calculate the remainder when 76143897 is divided by 607.
603
What is the remainder when 28251 is divided by 3444?
699
What is the remainder when 74310 is divided by 74153?
157
Calculate the remainder when 79678192 is divided by 30.
22
Calculate the remainder when 253053 is divided by 1968.
1149
Calculate the remainder when 52440751 is divided by 182.
181
What is the remainder when 11681006 is divided by 5573?
5571
Calculate the remainder when 79034944 is divided by 437.
435
What is the remainder when 20306799 is divided by 676886?
219
Calculate the remainder when 207679 is divided by 120.
79
What is the remainder when 103745 is divided by 307?
286
What is the remainder when 185702 is divided by 38?
34
Calculate the remainder when 5200844 is divided by 81.
77
Calculate the remainder when 6861706 is divided by 1212.
574
What is the remainder when 997738 is divided by 86?
52
What is the remainder when 8637706 is divided by 239936?
10
Calculate the remainder when 619651 is divided by 77451.
43
Calculate the remainder when 138963 is divided by 599.
594
What is the remainder when 173991 is divided by 8577?
2451
What is the remainder when 1081758 is divided by 3467?
54
Calculate the remainder when 37401461 is divided by 166.
1
Calculate the remainder when 93636 is divided by 269.
24
What is the remainder when 71418 is divided by 35704?
10
What is the remainder when 80890 is divided by 3413?
2391
What is the remainder when 13450672 is divided by 101899?
4
What is the remainder when 56261826 is divided by 37?
33
Calculate the remainder when 102750842 is divided by 196.
194
Calculate the remainder when 4717668 is divided by 643.
620
Calculate the remainder when 19297285 is divided by 9220.
9045
Calculate the remainder when 7878641 is divided by 126.
113
Calculate the remainder when 435511690 is divided by 18.
16
What is the remainder when 2692550 is divided by 1345774?
1002
Calculate the remainder when 40003614 is divided by 1785.
1764
What is the remainder when 22739408 is divided by 27?
8
Calculate the remainder when 612428 is divided by 153068.
156
Calculate the remainder when 1304608 is divided by 2604.
4
What is the remainder when 4650618 is divided by 1718?
1710
Calculate the remainder when 49516721 is divided by 24758345.
31
What is the remainder when 39375441 is divided by 225?
216
Calculate the remainder when 28567555 is divided by 280.
275
Calculate the remainder when 604181 is divided by 106.
87
Calculate the remainder when 55932 is divided by 9260.
372
What is the remainder when 1509661 is divided by 11268?
11017
Calculate the remainder when 17927 is divided by 1209.
1001
Calculate the remainder when 228667054 is divided by 29.
24
Calculate the remainder when 61813 is divided by 8739.
640
What is the remainder when 189697 is divided by 31463?
919
Calculate the remainder when 17891 is divided by 3231.
1736
What is the remainder when 865856 is divided by 75?
56
What is the remainder when 1105212 is divided by 64?
60
Calculate the remainder when 32600297 is divided by 6520057.
12
What is the remainder when 3573488 is divided by 4084?
4072
What is the remainder when 1952692 is divided by 1445?
497
What is the remainder when 1117845 is divided by 558780?
285
What is the remainder when 8982499 is divided by 794?
771
Calculate the remainder when 1573097 is divided by 37.
5
What is the remainder when 9049 is divided by 563?
41
What is the remainder when 580434 is divided by 185?
89
Calculate the remainder when 28720703 is divided by 801.
47
What is the remainder when 1247569 is divided by 623748?
73
Calculate the remainder when 131708835 is divided by 44257.
3
Calculate the remainder when 22282 is divided by 4548.
4090
Calculate the remainder when 8575103 is divided by 4287543.
17
Calculate the remainder when 50625308 is divided by 121.
118
Calculate the remainder when 20168 is divided by 5974.
2246
Calculate the remainder when 2010110